hen ((-4)/(a/31))/(4/16) is divided by 25?
24
Let b = -1251 - -1265. What is the remainder when 14417 is divided by b?
11
Suppose -5*f = i - 1145 - 1576, -4*i = -4. Let s = -407 + f. Let u(k) = k**3 - 5*k**2 + 5*k + 3. What is the remainder when s is divided by u(5)?
25
Suppose -309*l + 285*l + 474535 = -70913. What is the remainder when l is divided by 10?
7
Let r(c) = c - 3. Let a be r(7). Suppose 0 = -16379*s + 16273*s + 2438. What is the remainder when (310/a + 2)*2 is divided by s?
21
Suppose 135 = 3*x + 6*s - 5*s, -2*x + s + 90 = 0. Suppose -l + 14 = -w, -x = -3*l + 4*w - 0*w. What is the remainder when 11 is divided by l?
0
Let w(f) = -5*f + 1. Let y be w(-4). Suppose 4 = 5*m - y, 5*m - 123 = -2*s. Let b(t) = 1615*t + 19399. What is the remainder when s is divided by b(-12)?
11
Suppose s = 7*s - 3840. Let h be s + 0 + 12/6. Suppose -5*q + 3*g + h = 0, -3*q - 2*g = -q - 260. What is the remainder when q is divided by 33?
30
Let a = 27317 - 27305. What is the remainder when 33 is divided by a?
9
Let b(p) be the second derivative of -p**5/10 - p**4/12 - p**3 - 3*p**2/2 + 76*p. Calculate the remainder when 299 is divided by b(-3).
59
Suppose 4*n + 824 = 4*u, 2*n = 10*u - 640 - 1428. Calculate the remainder when 26493 is divided by u.
204
Let h(b) = -b**2 - 15*b + 59. Suppose -45 + 39 = -3*s, 79 = -5*v - 3*s. Calculate the remainder when 198 is divided by h(v).
23
Let j be ((-834)/(-7))/(1/7). Suppose -3*p = -5*r + j, -4*r = -2*r - p - 334. Calculate the remainder when r is divided by 13.
12
Let n(u) = -7*u**3 - 2*u**2 - 4*u - 2. Let v be n(-2). Let l be 150/v - 2/(-9). Calculate the remainder when (-26)/3*-1*l is divided by 9.
8
Suppose 29*t = -2*t - 19*t + 1000. What is the remainder when 254 is divided by t?
14
Let o(i) = -i**3 - 37*i**2 - 122*i - 4488. Calculate the remainder when 27973 is divided by o(-37).
23
Let m(x) = 2*x**3 - 57*x**2 + 29*x - 17. Suppose 105 = 21*l - 18*l. Calculate the remainder when l is divided by m(28).
2
Let v(d) = d**3 - 8*d**2 + 11. Let c be v(4). Calculate the remainder when 201 is divided by c*(-9)/(-9)*-1.
42
Let j = 4 + -2. Let o be (j + -3)/(6/(-4) + 1). Suppose -o*p - 3*r - 2 = -68, -2*r = 4*p - 148. Calculate the remainder when p is divided by 6.
3
Let f(k) = 35*k - 106. Let r be f(8). What is the remainder when 72 is divided by (r/24)/(3/60*5)?
14
Let m(c) = -2*c**2 + 2*c - 17. Let a be m(9). Let o = -125 - a. Calculate the remainder when 106 is divided by o.
34
Let o = 74 - 345. Let j = o + 164. Let r = -57 - j. What is the remainder when r is divided by 4?
2
Suppose -3*a - 4 = 5*o - 6*o, o - 4*a = 0. What is the remainder when 425 is divided by o?
9
Suppose 46*y + 3*h = 50*y - 284, 0 = 4*y + h - 300. What is the remainder when 280 is divided by y?
58
Let f = 11 - -11. Let k = f - -4. Suppose k + 16 = 3*q. Calculate the remainder when 23 is divided by q.
9
Let n be (-28)/(-35)*(1 - -4). Suppose -15*o = -20*o - n*g + 117, -102 = -5*o + g. Calculate the remainder when 121 is divided by o.
16
Suppose -21*s - 3652 = -3799. Calculate the remainder when (-2)/9 + 29672/36 is divided by s.
5
Let w = -435 - -374. Let t = w - -74. What is the remainder when t is divided by 5?
3
Let d(l) = 4*l**2 - 2*l + 12 - 3*l**2 + 1 + l**2 - 6 + 2*l**3. Suppose 4*p = 11 + 1. What is the remainder when d(p) is divided by 21?
10
Let s = 85 + -42. Suppose 0 = 7*z - s - 55. What is the remainder when 82 is divided by z?
12
Let b(m) be the first derivative of 15*m**2/2 - 11*m + 21. Suppose 39 = -10*t + 23*t. Calculate the remainder when b(t) is divided by 13.
8
Let o = -191 - -314. Let z = 106 - 76. Let d = 61 - z. What is the remainder when o is divided by d?
30
Let v(d) = 44*d**2 + 35*d + 15. Calculate the remainder when v(-5) is divided by 21.
16
Suppose -5*g = 4*v - 2*v + 22, 2*v - 4*g - 14 = 0. Calculate the remainder when 216/6 - (v - (1 + 1)) is divided by 8.
7
Suppose 14 - 26 = -3*t. Suppose 4*i = -3*h - 3, -i + 26 = i - t*h. Suppose -72 = -4*y - 4*j, i*j = 2*y + j - 36. What is the remainder when 30 is divided by y?
12
Suppose -38 = r - 40. What is the remainder when 26*195/52*r/5 is divided by 8?
7
Let z(b) = -3*b + 6. Let q be z(1). What is the remainder when (1 + -18)/((-1)/q) is divided by 13?
12
Let f(q) = q**3 + 6*q**2 + 7*q + 9. Let n be f(-5). Calculate the remainder when 48 is divided by (42 + -43)/(n/8).
0
Let w(q) = -q**2 - 70*q - 1047. Calculate the remainder when 447 is divided by w(-26).
59
Let h(b) = -123*b + 1168. What is the remainder when 1721 is divided by h(9)?
13
What is the remainder when 972 is divided by 34/680*(-8)/3 - (-154)/30?
2
Let w(v) = -2*v + v - 20 + 4*v. Suppose 2*g - 3*g + 10 = 0. What is the remainder when w(g) is divided by 4?
2
Suppose 0 = -2*g + 74 - 26. Let u be 3/(-7) - g/(-56). Suppose -y + 4*j - j + 15 = u, -73 = -4*y - j. What is the remainder when 71 is divided by y?
17
Let h = 7713 + -7657. Calculate the remainder when (46/(-5))/((-1)/30) is divided by h.
52
Suppose 2161 + 8341 = 89*a. Calculate the remainder when a is divided by 95.
23
Let f(g) = -g - 24. Let b be f(-23). Let j be b - (-2 - -4) - -71. Let a = j + -34. What is the remainder when a is divided by 12?
10
Suppose -u - z = -958, -2*u - z = -1751 - 166. What is the remainder when u is divided by 96?
95
Suppose -2*t = -5*m - 67, -4*t + 141 = 3*m + 46. Suppose 31*x = 20*x - 33. Calculate the remainder when t is divided by (-11)/((-165)/100) + x/(-9).
5
Suppose 2*m - 3*y = 891, 3*y + 1356 = 423*m - 420*m. What is the remainder when m is divided by (-4)/(-6) + 849/9?
85
Calculate the remainder when 271 is divided by (-8625)/(-30)*(-4 - 110/(-25)).
41
What is the remainder when (-340)/25*(6 - 428/8) is divided by 30?
16
Let f = -14 + 18. Suppose -f*q + 9*v = 8*v - 190, -3*q + 151 = -5*v. What is the remainder when 74 is divided by q?
27
Let k = -178 - -172. What is the remainder when 47 is divided by -3 - k*(-20)/(-8)?
11
Let s(q) = 28*q - 1767. Calculate the remainder when 293 is divided by s(65).
28
Let g = 32 + 0. Let m be 4 - (-1)/((-4)/(-17512)). What is the remainder when m/35 + 2/(-10) is divided by g?
29
Let x = -16438 - -16935. Calculate the remainder when x is divided by 26.
3
Let i(f) = -3*f**2 - 25*f - 5. Let n be i(-7). Suppose 2*t - 25 = u, -5*u - 6 = -2*t + n. What is the remainder when t is divided by 8?
4
Calculate the remainder when 4756 is divided by ((-105)/18)/((-60)/360).
31
Suppose 0 = -5*x + i + 45, -5*i - 36 = -4*x - 0. Calculate the remainder when 25 is divided by x.
7
Suppose -30*u = 17*u + 12*u - 58410. Calculate the remainder when u is divided by 85.
55
Let m(w) = -25*w + 30. Let s be m(-2). Suppose s*o = 86*o - 132. What is the remainder when 55 is divided by o?
11
Let p(j) = -j**3 - 20*j**2 - 35*j - 107. Calculate the remainder when p(-20) is divided by 100.
93
Let o(l) = -l**3 + 14*l**2 + 52*l - 4. Suppose -t - 32 = -3*b + 19, 0 = 5*t. Let i = 1 + 7. Calculate the remainder when o(b) is divided by i.
5
Let i = 57 - -544. Calculate the remainder when i is divided by 54.
7
Calculate the remainder when 14/16*636/742 + 1789/4 is divided by 54.
16
Suppose -105*m = -100*m. Suppose 5*g + 6*g - 220 = m. Calculate the remainder when g is divided by 14.
6
Suppose -15*v + 13*v + 500 = 4*f, f - 119 = v. What is the remainder when f is divided by 44?
35
Let m = -559 + 561. Suppose -3*a + 268 = m*c, 524 = 4*c + 10*a - 7*a. What is the remainder when c is divided by 13?
11
Let n(a) = 2*a + 14. Let o be n(-10). Let q be 0 + -26*o/4. Suppose 41*l = q*l + 98. What is the remainder when l is divided by 3?
1
Suppose 80 - 194 = -6*m. Let r be (-218)/(-6) - 3/9. Let b = -31 + r. Calculate the remainder when m is divided by b.
4
Let c(k) = 77*k - 56. Let p be c(3). Suppose 3*v - 461 = -5*u + p, -5*v = 15. What is the remainder when u is divided by 17?
10
Let o(s) = 2*s**2 + 2*s - 1. Let i = -150 + 153. Suppose v - i*m = -3, 2*v + 5 = -m + 20. Calculate the remainder when v is divided by o(1).
0
Suppose 0 = -k - 84 + 92. Suppose 2*b = -7*b + 45. Suppose -b*q = -361 + 56. What is the remainder when q is divided by k?
5
Suppose -2*a = -3*x - 1176, a = x + 280 + 311. What is the remainder when a is divided by 7?
2
Let d = 108 + -69. Let t = d + -26. Suppose 13*q - 24 = 10*q. What is the remainder when t is di